e 44 = -k + 172. Let g = -122 + k. What is the highest common factor of u and g?
6
Suppose -3*c = -2*c - n - 23, -2*n = 3*c - 79. Let f = -3519 + 3719. Calculate the highest common factor of f and c.
25
Let l(n) = 7*n**2 - 47*n - 150. Let j be l(-12). Calculate the greatest common factor of 90 and j.
18
Suppose 454*m - 41890 - 27487 = 83*m. What is the highest common divisor of 1275 and m?
17
Let z(u) = -5*u + 50. Let i be z(9). Suppose -i*y + 2*y + 600 = 0. Calculate the highest common divisor of 8 and y.
8
Let h(j) = 3*j + 30. Let t be h(-12). Let s be 3 - 118*t/4. Suppose -2*d + s = 2*d. Calculate the greatest common factor of 9 and d.
9
Let u(m) = 4*m**3 + 5*m**2 + 5*m - 13. Let o be u(2). Suppose 4*s = -s + 4165. What is the highest common factor of o and s?
49
Let f(i) = -2*i**2 - 3*i + 748. Let n be f(0). Calculate the highest common factor of n and 352.
44
Suppose 5*j + 3*b - 147 = 0, j + 0*b + 2*b - 35 = 0. Let n be 230/(-55) - -4 - (-3863)/11. What is the greatest common factor of n and j?
27
Let l(k) = k**2 + k + 6. Let d be l(-4). Let y(c) = -d - 9*c**2 + 21*c**2 - 15*c - c + c**3 + c. Let f be y(-13). What is the highest common factor of 20 and f?
4
Let k(i) = -4*i**2 - 81*i - 193. Let r be k(-17). Calculate the highest common divisor of 5110 and r.
14
Let t(x) = -268*x - 1442. Let i be t(-8). What is the highest common divisor of i and 156?
78
Suppose 6*p = -u + 1704, -u + 1614 = 35*p - 39*p. What is the highest common factor of u and 275?
275
Let k(p) = -3 + p + 116*p**2 - 2*p**3 - 111*p**2 + 2*p + 0*p**3. Let d be k(-2). Calculate the greatest common factor of d and 243.
27
Let p = 15027 + -14731. Calculate the highest common divisor of p and 3996.
148
Suppose 2*z - 11480 = -3*w, -28700 = -5*z + 23*w - 25*w. Calculate the highest common factor of z and 140.
140
Suppose -20*h + 19*h = -5, -3*v + 5*h + 5132 = 0. What is the highest common factor of v and 18?
9
Suppose 3*a = 21 - 3. Let t be 105*a/12*4. What is the greatest common factor of 30 and t?
30
Let l = -3699 + 3801. Calculate the highest common factor of l and 24.
6
Let j = -6565 + 8259. Calculate the greatest common divisor of j and 462.
154
Let i be (-14306)/(-598) + 2/26. What is the highest common factor of i and 2700?
12
Let x(n) = n**2 + 146*n - 24595. Let m be x(100). Let h be (91/2*-10)/(-1). What is the highest common factor of m and h?
5
Let q be 4/22 - 163/(-11). Suppose -193910*a + 193945*a - 50400 = 0. Calculate the greatest common factor of a and q.
15
Suppose -252*k - t = -247*k - 3053, t = k - 613. What is the greatest common divisor of 47 and k?
47
Let c be (22/55)/(2/140). Calculate the greatest common factor of 700 and c.
28
Let k be -940*(-8 + 11 - 4). Let r = 1015 - k. Calculate the highest common factor of 60 and r.
15
Let g(o) = -o**3 - 5*o**2 - 5*o + 3. Let y be g(-4). Let u = 35 - y. Let b = -6843 + 6885. What is the greatest common factor of b and u?
14
Let w be (5 - (1 + 22)) + (-2 - -2). Let g = 74 + w. Suppose 3*c - g = -4*c. Calculate the highest common divisor of 44 and c.
4
Let b(c) = c**2 + 12. Let q be b(0). Let l = -418444 - -418546. Calculate the highest common factor of q and l.
6
Let y(o) = -21*o + 147. Let g be y(-6). What is the highest common factor of g and 1209?
39
Suppose -146*n + 4703 = -21577. Calculate the highest common factor of n and 2280.
60
Suppose 0 = -25*t + 21*t + 588. Suppose 0 = -13*o + 232 + 2953. Calculate the highest common factor of t and o.
49
Suppose 2*m - 52 = j, 27*m - 34*m - 3*j = -208. Suppose -2*s - 3*s - 15 = 0, 0 = -5*n + 3*s + 1829. Calculate the highest common divisor of n and m.
28
Suppose -4*v + 283 + 17 = 0. Suppose -3454 = -7*m + 3364. Let h = -959 + m. What is the greatest common divisor of v and h?
15
Let b be ((-8)/24)/((-4)/336). Let x be (-292)/(-28) - (-16)/b. Calculate the highest common divisor of 11 and x.
11
Suppose 68*z = 71*z - 33. What is the highest common divisor of z and 1331?
11
Let n be (-44)/3*(-177)/236. Suppose 4*a = -4, 4*g - n = -a + 76. What is the highest common divisor of g and 110?
22
Let m be (1 - 0)/((-11)/(-1243)) + 0. Suppose z + m = 5*y, -2*z + 32 = y + 5. What is the highest common factor of y and 1?
1
Let u = 4619 + -4583. Calculate the highest common factor of u and 2064.
12
Let g = -387 - -542. Suppose -g = -5*i + 105. Suppose -280 = -2*w - 4*c, -5*w - 7*c = -2*c - 675. What is the greatest common divisor of w and i?
26
Let h = 1169 - 1091. Suppose 4*b = 2373 + 27. Suppose -h*c + 74*c = -b. What is the greatest common divisor of c and 60?
30
Let j be (-4)/(8/2070)*(9 - (-146)/(-6)). Calculate the greatest common divisor of 90 and j.
30
Suppose 19 = 3*x + 2*k, 4*x + k - 24 = -k. Let y be 0 + (2 + 1)*1. Suppose y*j - 6*j = -60. What is the highest common factor of x and j?
5
Let p(z) = 162*z**3 + 2*z**2 + 103*z - 517. Let t be p(5). What is the greatest common factor of 34 and t?
34
Suppose 4946*s - 39672 = 2435*s + 2454*s. Let i = 61 + -37. Calculate the greatest common factor of i and s.
24
Let v = 3107 - 3075. What is the greatest common divisor of v and 148?
4
Let b(p) = 3715*p - 11. Let q be b(1). What is the greatest common divisor of 24 and q?
8
Suppose -424*d + 402*d = -70004. What is the highest common divisor of 172 and d?
86
Let n(t) = 3*t - 11. Let a be n(5). Suppose a*p - 16 = -4*p. Let s be 222 + (2 - (-1 + (2 - p))). Calculate the greatest common factor of s and 90.
45
Let a(n) = -21*n - 714. Let k be a(-41). What is the greatest common factor of 9408 and k?
147
Let c(y) = -4*y + 463. Let l be c(-44). Calculate the greatest common divisor of l and 9.
9
Suppose 0 = 10*p - 3733 + 1846 - 2223. What is the greatest common factor of 1507 and p?
137
Let s = 790 + -148. Calculate the greatest common divisor of s and 72.
6
Let c = 1494 + 9027. Calculate the greatest common divisor of 42 and c.
21
Let w(b) = -7*b**3 - 13*b**2 + 7*b - 17. Let n be w(-8). Calculate the greatest common factor of 76 and n.
19
Suppose 0*n - 4*n + 888 = -520. Calculate the highest common divisor of n and 88.
88
Let i be 2/(-30)*-93 - (-2)/(-10). Suppose -3 = -i*v + 87. Suppose 0 = -g + 30 - v. What is the highest common divisor of g and 5?
5
Let o = 6009 + -5925. Calculate the greatest common divisor of o and 8316.
84
Suppose -140 = y - 3*y. Let l(m) = -85*m + 5957. Let s be l(70). What is the greatest common divisor of y and s?
7
Suppose -p + 7009 = 3*l + 898, 5*l - 10197 = -3*p. What is the highest common factor of 6 and l?
6
Let k = -26 - -14. Let r(x) = -x**3 - 12*x**2 - 3*x + 6. Let o be r(k). Let c be 8 + -10 + -2 + 18. Calculate the highest common factor of o and c.
14
Suppose 0 = -2*z - 4*z - 72. Let d(h) = h**2 + 10*h + 4. Let q be d(z). What is the highest common factor of q and 84?
28
Suppose 9*q - 1491 = 2*q. Let p = q + -194. Calculate the greatest common factor of p and 19.
19
Suppose -28*x = -30*x - 1168. Let q = x - -618. Calculate the highest common factor of 34 and q.
34
Suppose -806*m - 430 = -808*m. Let b = m - 212. What is the highest common divisor of b and 7?
1
Let k(i) = -6*i + 1 + 8*i**2 + 2*i**3 - 3*i**3 - 21. Let m be 45/10*(-32)/(-24). Let z be k(m). What is the greatest common factor of z and 72?
8
Let g be -2 - (54 + -62 + 0 + 3). Calculate the highest common divisor of 43 and g.
1
Suppose 1 = 2*d - x, d + 271 = -2*x + 279. What is the highest common factor of d and 992?
2
Let p(n) = 22*n + n**2 + 2*n - 3510 + 3485. Let b be p(-26). What is the highest common factor of b and 36?
9
Let o = -24700 - -24708. Calculate the greatest common factor of o and 23992.
8
Let r(c) = 2*c - 51. Let j be r(21). Let y(h) = -4*h - 4. Let a be y(j). Calculate the highest common divisor of 208 and a.
16
Let o(t) = 2*t - 9. Suppose -2*r + 4*r + 54 = 4*q, q = 3*r + 16. Let j be o(q). Calculate the highest common divisor of 272 and j.
17
Let y(j) = -125*j + 3854. Let m be y(-51). What is the greatest common divisor of m and 53?
53
Let i be 918/(-1)*1/(12/(-150)). Suppose 5*j - 4*y = i, -6*y = -8*y. Suppose -j = -14*t - t. Calculate the highest common divisor of 17 and t.
17
Suppose 0 = 5*w - w + 2*x - 6, -3*x + 5 = 2*w. Let v be 1 - 5 - -3 - 2. Let a be (v/(-5))/(15/225). What is the highest common factor of a and w?
1
Suppose 2*f + 492 = -4*b, -4*f - 744 = -4*b + 252.